 is divided by 7919.
59
Calculate the remainder when 37351 is divided by 22.
17
What is the remainder when 401 is divided by 360?
41
Calculate the remainder when 3825 is divided by 40.
25
Calculate the remainder when 179286 is divided by 146.
144
What is the remainder when 225021 is divided by 404?
397
Calculate the remainder when 83706 is divided by 20799.
510
What is the remainder when 2966249 is divided by 875?
874
Calculate the remainder when 2073 is divided by 205.
23
Calculate the remainder when 7522 is divided by 507.
424
What is the remainder when 630 is divided by 228?
174
Calculate the remainder when 3650 is divided by 165.
20
What is the remainder when 129084 is divided by 130?
124
What is the remainder when 818733 is divided by 217?
209
What is the remainder when 153452 is divided by 139?
135
Calculate the remainder when 6612 is divided by 480.
372
What is the remainder when 321973 is divided by 1548?
1537
What is the remainder when 9619 is divided by 10?
9
What is the remainder when 5285 is divided by 5279?
6
What is the remainder when 296213 is divided by 34?
5
What is the remainder when 120137 is divided by 57?
38
What is the remainder when 2456 is divided by 410?
406
What is the remainder when 300437 is divided by 290?
287
Calculate the remainder when 10936 is divided by 2718.
64
What is the remainder when 25548 is divided by 25534?
14
What is the remainder when 450238 is divided by 112?
110
Calculate the remainder when 299920 is divided by 113.
18
Calculate the remainder when 100437 is divided by 1796.
1657
What is the remainder when 8639 is divided by 22?
15
Calculate the remainder when 1229 is divided by 246.
245
What is the remainder when 14865 is divided by 7331?
203
Calculate the remainder when 649013 is divided by 124.
121
Calculate the remainder when 1728 is divided by 210.
48
Calculate the remainder when 2706 is divided by 67.
26
What is the remainder when 1002104 is divided by 351?
350
What is the remainder when 13033 is divided by 297?
262
What is the remainder when 15227 is divided by 49?
37
Calculate the remainder when 17472 is divided by 67.
52
What is the remainder when 2246 is divided by 548?
54
Calculate the remainder when 15188 is divided by 947.
36
What is the remainder when 5129971 is divided by 257?
251
Calculate the remainder when 117098 is divided by 29263.
46
Calculate the remainder when 124164 is divided by 55.
29
Calculate the remainder when 242443 is divided by 66.
25
What is the remainder when 264485 is divided by 912?
5
What is the remainder when 411828 is divided by 205910?
8
What is the remainder when 42696 is divided by 9?
0
Calculate the remainder when 6192 is divided by 155.
147
Calculate the remainder when 15099 is divided by 1886.
11
Calculate the remainder when 101925 is divided by 22.
21
What is the remainder when 17279 is divided by 21?
17
Calculate the remainder when 573373 is divided by 289.
286
Calculate the remainder when 8121 is divided by 909.
849
Calculate the remainder when 4623 is divided by 186.
159
What is the remainder when 18647 is divided by 231?
167
Calculate the remainder when 221516 is divided by 11.
9
What is the remainder when 3145347 is divided by 15?
12
Calculate the remainder when 1458269 is divided by 199.
196
What is the remainder when 19925 is divided by 503?
308
What is the remainder when 5685 is divided by 36?
33
Calculate the remainder when 20963 is divided by 10472.
19
What is the remainder when 304475 is divided by 32?
27
Calculate the remainder when 203344 is divided by 26.
24
What is the remainder when 24428 is divided by 436?
12
What is the remainder when 23376 is divided by 285?
6
What is the remainder when 7179 is divided by 50?
29
What is the remainder when 3041 is divided by 378?
17
Calculate the remainder when 9300 is divided by 3059.
123
Calculate the remainder when 29097 is divided by 89.
83
Calculate the remainder when 85902 is divided by 8.
6
Calculate the remainder when 669057 is divided by 630.
627
What is the remainder when 54776 is divided by 27363?
50
Calculate the remainder when 7443 is divided by 3.
0
Calculate the remainder when 191841 is divided by 94.
81
Calculate the remainder when 23809 is divided by 81.
76
Calculate the remainder when 21240 is divided by 193.
10
What is the remainder when 4838 is divided by 29?
24
What is the remainder when 28591 is divided by 349?
322
Calculate the remainder when 161077 is divided by 32.
21
Calculate the remainder when 5103 is divided by 180.
63
What is the remainder when 2117 is divided by 55?
27
What is the remainder when 9658 is divided by 4730?
198
What is the remainder when 1328 is divided by 149?
136
Calculate the remainder when 4382 is divided by 18.
8
What is the remainder when 43042 is divided by 21488?
66
Calculate the remainder when 25533 is divided by 1231.
913
Calculate the remainder when 58821 is divided by 456.
453
Calculate the remainder when 4319 is divided by 2157.
5
Calculate the remainder when 471762 is divided by 78.
18
What is the remainder when 1539 is divided by 128?
3
Calculate the remainder when 11070 is divided by 182.
150
Calculate the remainder when 9100 is divided by 2273.
8
What is the remainder when 242435 is divided by 373?
358
Calculate the remainder when 13922 is divided by 465.
437
Calculate the remainder when 10843 is divided by 75.
43
Calculate the remainder when 43912 is divided by 61.
53
What is the remainder when 41460 is divided by 20711?
38
What is the remainder when 453166 is divided by 12?
10
Calculate the remainder when 463319 is divided by 165.
164
What is the remainder when 22505 is divided by 536?
529
What is the remainder when 3418 is divided by 3405?
13
Calculate the remainder when 11505437 is divided by 1143.
1142
Calculate the remainder when 82866 is divided by 7507.
289
What is the remainder when 224866 is divided by 12?
10
What is the remainder when 10941 is divided by 2134?
271
Calculate the remainder when 2507 is divided by 119.
8
Calculate the remainder when 12266 is divided by 20.
6
Calculate the remainder when 2426 is divided by 107.
72
Calculate the remainder when 197975 is divided by 339.
338
Calculate the remainder when 63452 is divided by 109.
14
Calculate the remainder when 17381 is divided by 457.
15
What is the remainder when 16168 is divided by 37?
36
What is the remainder when 683985 is divided by 341987?
11
What is the remainder when 7390 is divided by 85?
80
Calculate the remainder when 3379 is divided by 1659.
61
What is the remainder when 310859 is divided by 157?
156
What is the remainder when 301160 is divided by 33459?
29
What is the remainder when 1702477 is divided by 10?
7
What is the remainder when 29855 is divided by 218?
207
What is the remainder when 155694 is divided by 52?
6
What is the remainder when 1684 is divided by 49?
18
Calculate the remainder when 112229 is divided by 336.
5
What is the remainder when 3826 is divided by 426?
418
What is the remainder when 77693 is divided by 179?
7
What is the remainder when 73739 is divided by 12289?
5
Calculate the remainder when 23826 is divided by 4763.
11
What is the remainder when 22058 is divided by 22012?
46
What is the remainder when 2666 is divided by 869?
59
Calculate the remainder when 18453 is divided by 6144.
21
What is the remainder when 128831 is divided by 1695?
11
What is the remainder when 5277 is divided by 1681?
234
What is the remainder when 2104 is divided by 763?
578
What is the remainder when 45299 is divided by 4527?
29
What is the remainder when 12121 is divided by 1246?
907
What is the remainder when 18767 is divided by 965?
432
Calculate the remainder when 3907 is divided by 464.
195
What is the remainder when 10984 is divided by 195?
64
Calculate the remainder when 6332 is divided by 792.
788
Calculate the remainder when 6434 is divided by 131.
15
Calculate the remainder when 18142 is divided by 9.
7
Calculate the remainder when 21111 is divided by 50.
11
Calculate the remainder when 7215711 is divided by 22.
19
What is the remainder when 61256 is divided by 110?
96
Calculate the remainder when 352682 is divided by 9043.
5
Calculate the remainder when 15435 is divided by 2205.
0
Calculate the remainder when 515341 is divided by 281.
268
What 